s 3320120 + 3?
3320123
In base 16, what is 5 + -368d7?
-368d2
In base 6, what is 0 - 34142?
-34142
In base 11, what is -175 + 12a6?
1131
In base 3, what is -100221111200 - 11?
-100221111211
In base 12, what is 14037 - 47?
13bb0
In base 2, what is -111 - 10111101010101?
-10111101011100
In base 8, what is -5 + -747021?
-747026
In base 10, what is 3779 - 93?
3686
In base 6, what is -25 + -5331?
-5400
In base 9, what is -2011 + 558?
-1342
In base 9, what is -68253 - 3?
-68256
In base 15, what is -2 + b7be?
b7bc
In base 9, what is -4 + -18646?
-18651
In base 16, what is -7f51 + 7e?
-7ed3
In base 9, what is 76072 + -5?
76066
In base 7, what is -21 - 114140?
-114161
In base 9, what is -21 - -24241?
24220
In base 2, what is 1111101111 + 110001010010?
1000001000001
In base 10, what is 5340 - 3?
5337
In base 6, what is 1032 + -3434?
-2402
In base 12, what is -37 - -53?
18
In base 9, what is -378 + -317?
-706
In base 9, what is -63 - -3641?
3567
In base 9, what is -1 - -31261?
31260
In base 15, what is -792 - -5a?
-737
In base 4, what is 212202 + -223?
211313
In base 15, what is -b09ac - 0?
-b09ac
In base 12, what is 25 - -17016?
1703b
In base 3, what is 2100111 - -101?
2100212
In base 3, what is 2211221 - 120?
2211101
In base 7, what is 425600 - -62?
425662
In base 14, what is 2 + -a1b?
-a19
In base 3, what is 111220 + 10102110?
10221100
In base 9, what is 1 + -2775?
-2774
In base 14, what is -1 + a43c8?
a43c7
In base 2, what is -11110001111 + -100000111?
-100010010110
In base 10, what is 3 + -8?
-5
In base 8, what is 2 - 162770?
-162766
In base 8, what is -4537506 - 5?
-4537513
In base 6, what is 3 - 212510?
-212503
In base 10, what is 12 + -4490?
-4478
In base 14, what is 4a + -387a?
-3830
In base 15, what is -15967 - -3?
-15964
In base 3, what is 0 - 11102102?
-11102102
In base 11, what is -3 + 3953aa?
3953a7
In base 3, what is 1121121 + 0?
1121121
In base 13, what is -1 + -9764b?
-9764c
In base 11, what is 1276 + -334?
a42
In base 6, what is 303 - 313031?
-312324
In base 10, what is -3 + 17888?
17885
In base 10, what is -1868 + -142?
-2010
In base 11, what is 443 + 9?
451
In base 8, what is 1 - 4452245?
-4452244
In base 2, what is -101 + 1101010010101010?
1101010010100101
In base 11, what is 5322 - 514?
4909
In base 13, what is -264 + 17?
-24a
In base 3, what is 10 - -1021101100?
1021101110
In base 5, what is -4 + 1243034?
1243030
In base 7, what is -263633 + 3?
-263630
In base 12, what is 449956 - 0?
449956
In base 5, what is -13 - 342002?
-342020
In base 8, what is 1777 - 263?
1514
In base 9, what is 1652 - -612?
2364
In base 13, what is a761b - 1?
a761a
In base 2, what is 1 + 11111001011001?
11111001011010
In base 2, what is -101 - 1001111001?
-1001111110
In base 8, what is 5374 + -35?
5337
In base 7, what is 61065 + 2?
61100
In base 4, what is -3002003 - 1020?
-3003023
In base 5, what is -13120242 + -2?
-13120244
In base 2, what is 10001100 + -100001101010?
-11111011110
In base 3, what is 201 + 12002210?
12010111
In base 3, what is 2022 + 2211220211?
2212000010
In base 16, what is 6f - 725?
-6b6
In base 5, what is 10 + 40234122?
40234132
In base 11, what is 133 + -a2?
41
In base 10, what is 352 - -468?
820
In base 8, what is -67 + 5061?
4772
In base 9, what is 2 - 107531?
-107528
In base 7, what is -3 - 536123?
-536126
In base 9, what is 37 - -581?
628
In base 6, what is -113 + -13314?
-13431
In base 13, what is 174 - -6c5?
869
In base 13, what is -5 - a527?
-a52c
In base 13, what is -9 - 9221?
-922a
In base 9, what is 0 - -307820?
307820
In base 7, what is 564352 - -4?
564356
In base 4, what is -23 + -1?
-30
In base 4, what is 102 - -12021213?
12021321
In base 11, what is 0 - 12098?
-12098
In base 7, what is -5 + 464133?
464125
In base 15, what is -373 - -1b?
-357
In base 9, what is -3 - -11328?
11325
In base 4, what is 13023302 + 211?
13030113
In base 10, what is 0 + 6502?
6502
In base 12, what is 220 + 3b?
25b
In base 14, what is -62b + 92?
-579
In base 2, what is -1011100111010110 - -10000?
-1011100111000110
In base 12, what is -270267 + -1?
-270268
In base 10, what is -3315 - 44?
-3359
In base 5, what is 21 - 100110442?
-100110421
In base 8, what is -4 - -3152?
3146
In base 7, what is -25 - -6343?
6315
In base 3, what is 120100 - 1111?
111212
In base 13, what is -27c34 + 6?
-27c2b
In base 13, what is -7 - 2a95?
-2a9c
In base 2, what is 1001101001101 + 0?
1001101001101
In base 6, what is -33214 + -4?
-33222
In base 7, what is -5 + -1024506?
-1024514
In base 3, what is -21 + 10011220111?
10011220020
In base 9, what is -575 - -33?
-542
In base 8, what is 24726 + 223?
25151
In base 12, what is 4 - 3747b8?
-3747b4
In base 9, what is -4314 + -23?
-4337
In base 6, what is -31224 - -51?
-31133
In base 12, what is -24043a + -4?
-240442
In base 4, what is 112213032 - -10?
112213102
In base 15, what is -2a10e7 - -1?
-2a10e6
In base 9, what is 351456 - -1?
351457
In base 13, what is 7 + 3a122?
3a129
In base 3, what is 1201 + -12012120?
-12010212
In base 9, what is 5 - 54303?
-54287
In base 9, what is -10 - 5524?
-5534
In base 8, what is -537 + -21774?
-22533
In base 15, what is 6 + -4d5c?
-4d56
In base 16, what is 390 - 5e?
332
In base 12, what is -113481 + -2?
-113483
In base 10, what is -15 - -2001?
1986
In base 14, what is 49 - -4cc?
537
In base 13, what is 73 - -1a1?
244
In base 2, what is 101101 - -111010001011?
111010111000
In base 6, what is 452313 + 0?
452313
In base 11, what is -1 - -7a142?
7a141
In base 10, what is 1066 - -101?
1167
In base 15, what is 2 + -21e2?
-21e0
In base 11, what is 3 + 2750a?
27512
In base 12, what is 1 - 127071?
-127070
In base 13, what is -466795 + -1?
-466796
In base 4, what is -23330201 + -10?
-23330211
In base 13, what is -4 - -2209?
2205
In base 6, what is -502 + 12050?
11144
In base 4, what is 1232 + -11120220?
-11112322
In base 15, what is c + 6e0e?
6e1b
In base 13, what is 4973 - b?
4965
In base 4, what is -20022332 + 3?
-20022323
In base 2, what is -1011111001000010010 - -100?
-1011111001000001110
In base 10, what is -1228 + 60?
-1168
In base 9, what is 64 + 55105?
55170
In base 14, what is ac1 + -3?
abc
In base 5, what is 213 - -123?
341
In base 15, what is 46ad - -68?
4726
In base 15, what is a - 21275?
-2126a
In base 4, what is 0 + 111302312?
111302312
In base 8, what is 205250 + 13?
205263
In base 8, what is -4 - 65156?
-65162
In base 14, what is 24c6bd - 6?
24c6b7
In base 12, what is -5 - 34213?
-34218
In base 5, what is -1041430 + -1?
-1041431
In base 8, what is 1225 + 1770?
3215
In base 8, what is -667 + 162?
-505
In base 3, what is 1012221 - 2021210?
-1001212
In base 11, what is 60536 - 19?
60518
In base 9, what is 164 + 3554?
3728
In base 7, what is -2 + -13353?
-13355
In base 13, what is 19 + 5c9c?
5cb8
In base 6, what is -5522 - -240?
-5242
In base 13, what is 2 + -13518?
-13516
In base 8, what is 31 + 256074?
256125
In base 5, what is 2014243 + 2?
2014300
In base 2, what is -1000110010101010 + -100?
-1000110010101110
In base 10, what is 5 - -27?
32
In base 6, what is 104535403 + -1?
104535402
In base 15, what is -36 + -12?
-48
In base 12, what is -1b12b - -1?
-1b12a
In base 4, what is -1221010100 - -3?
-1221010031
In base 9, what is 1210 - -157?
1367
In base 5, what is 0 - 2400344?
-2400344
In base 7, what is -5443245 + 3?
-5443242
In base 7, what is -210 - 34311?
-34521
In base 14, what is -203c + -6?
-2044
In base 16, what is 310 - 1e?
2f2
In base 3, what is 1101002100010 - 10?
1101002100000
In base 11, what is 130 + 74a?
87a
In base 9, what is -10460 + 37?
-10422
In base 4, what is -10230023 + 323?
-10223100
In base 11, what is -1 - -7506?
7505
In base 12, what is -17 - 1a715?
-1a730
In base 11, what is 22 + -244a?
-2428
In base 14, what is 1b + -ad2?
-ab5
In base 3, what is 22 - -1022001?
1022100
In base 6, what is 104 + -14304?
-14200
In base 12, what is 19 + -279a?
-2781
In base 6, what is -452004 - -3?
-452001
In base 12, what is 54 + 5142?
5196
In base 6, what is 10053503 + 4?
10053511
In base 6, what is -2113255 - 3?
-2113302
In base 15, what is -4 - 4d5?
-4d9
In base 10, what is -1473 - -59?
-1414
In base 5, what is -4 - 301213?
-301222
In base 15, what is -92 + 4e?
-43
In base 12, what is 8251 + b?
8260
In base 6, what is 1 + -2041452?
-2041451
In base 13, what is -2 + 5c34?
5c32
I